r of 195 and 840580.
65
What is the greatest common divisor of 5845 and 880925?
835
What is the greatest common factor of 738 and 626742?
18
Calculate the highest common factor of 291080 and 5.
5
What is the highest common factor of 873 and 332225?
97
What is the greatest common divisor of 441 and 5103?
63
What is the greatest common factor of 86300 and 863?
863
Calculate the greatest common divisor of 251313 and 57.
57
Calculate the greatest common factor of 1749 and 4187.
53
Calculate the highest common divisor of 2796 and 3504.
12
Calculate the greatest common divisor of 8850 and 1905.
15
Calculate the greatest common divisor of 5240 and 39562.
262
What is the greatest common factor of 18480 and 8610?
210
What is the greatest common factor of 57677 and 35364?
421
What is the highest common divisor of 513216 and 64?
64
Calculate the greatest common divisor of 1269 and 80088.
141
What is the highest common divisor of 102 and 42279?
51
Calculate the highest common factor of 1534 and 338.
26
Calculate the highest common divisor of 59163 and 148629.
1443
Calculate the highest common divisor of 12 and 19884.
12
What is the greatest common divisor of 875 and 953575?
175
What is the greatest common divisor of 419 and 842609?
419
What is the highest common factor of 6177 and 71?
71
Calculate the highest common divisor of 1292 and 41021.
323
What is the highest common divisor of 148 and 49987?
37
Calculate the greatest common divisor of 5576 and 6749.
17
Calculate the greatest common divisor of 43035 and 151.
151
What is the greatest common factor of 627 and 214016?
209
Calculate the highest common factor of 125064 and 193.
193
What is the highest common factor of 236 and 191750?
118
What is the greatest common divisor of 580847 and 19651?
457
Calculate the greatest common divisor of 376279 and 9193.
317
Calculate the highest common factor of 26802 and 144.
18
Calculate the highest common divisor of 624159 and 945.
27
What is the greatest common factor of 51317 and 35?
7
Calculate the greatest common factor of 10706 and 5252.
202
What is the greatest common divisor of 1256 and 722828?
628
Calculate the highest common divisor of 1310 and 3020.
10
What is the greatest common divisor of 544180 and 65?
65
Calculate the greatest common divisor of 3984 and 348.
12
Calculate the highest common divisor of 551187 and 72.
9
Calculate the highest common factor of 3258515 and 13.
13
What is the greatest common divisor of 816 and 1235628?
204
What is the highest common factor of 1280 and 39040?
640
Calculate the highest common factor of 1140 and 1352420.
380
What is the highest common factor of 1888 and 119416?
472
What is the greatest common divisor of 136 and 550?
2
Calculate the greatest common divisor of 116508 and 133.
133
Calculate the greatest common factor of 2809 and 64289.
53
What is the greatest common divisor of 4140 and 47820?
60
Calculate the greatest common divisor of 202106 and 556.
278
Calculate the highest common factor of 7935 and 55.
5
Calculate the greatest common factor of 20 and 31915.
5
What is the highest common factor of 304275 and 1275?
75
What is the highest common factor of 2176 and 116824?
136
Calculate the highest common factor of 39866 and 23498.
62
Calculate the highest common factor of 23427 and 741.
57
What is the highest common divisor of 13239 and 225?
9
Calculate the greatest common factor of 125 and 60250.
125
Calculate the greatest common divisor of 5 and 35635.
5
Calculate the highest common divisor of 16796 and 9386.
494
What is the greatest common factor of 122704 and 32?
16
What is the greatest common divisor of 168 and 3166422?
42
Calculate the highest common factor of 84264 and 120.
24
Calculate the highest common divisor of 34 and 350.
2
Calculate the highest common divisor of 2670 and 1755.
15
Calculate the highest common divisor of 99 and 42988.
11
What is the greatest common factor of 170 and 34130?
10
What is the greatest common factor of 2128 and 16856?
56
What is the highest common divisor of 6 and 564690?
6
Calculate the highest common factor of 268 and 11993.
67
Calculate the greatest common divisor of 72816 and 6396.
492
Calculate the greatest common divisor of 1489 and 19.
1
Calculate the highest common factor of 175198 and 4016.
502
Calculate the highest common factor of 1672 and 22363.
209
Calculate the highest common factor of 930 and 85095.
465
What is the greatest common divisor of 149 and 175969?
149
Calculate the greatest common divisor of 99 and 41129.
11
Calculate the highest common divisor of 32 and 15464.
8
What is the highest common factor of 18 and 42354?
18
Calculate the greatest common factor of 4876 and 64.
4
Calculate the greatest common divisor of 1584 and 767712.
528
What is the greatest common factor of 19719 and 3?
3
What is the highest common divisor of 60 and 5690940?
60
Calculate the greatest common factor of 90934 and 76.
38
What is the highest common divisor of 3266 and 253?
23
What is the greatest common divisor of 834 and 2996979?
417
What is the greatest common divisor of 7518718 and 821?
821
What is the greatest common factor of 369888 and 48?
48
Calculate the greatest common divisor of 74 and 1123135.
37
Calculate the highest common divisor of 1232 and 8536.
88
Calculate the greatest common factor of 3512975 and 332.
83
Calculate the highest common factor of 41309 and 707.
101
Calculate the highest common factor of 183 and 4790025.
183
Calculate the greatest common factor of 1284600 and 3000.
600
Calculate the greatest common divisor of 26 and 244036.
26
What is the greatest common divisor of 18 and 421242?
6
Calculate the greatest common divisor of 79497 and 1752.
219
What is the greatest common factor of 174 and 207698?
58
What is the highest common divisor of 29019 and 629?
17
Calculate the greatest common divisor of 52 and 6382116.
52
Calculate the highest common divisor of 139587 and 51153.
867
Calculate the greatest common divisor of 6727 and 1550.
31
What is the highest common factor of 362 and 184258?
362
What is the greatest common factor of 1014178 and 330?
22
Calculate the highest common factor of 1599 and 4719.
39
What is the highest common factor of 12449 and 10620?
59
Calculate the greatest common factor of 120 and 257775.
15
Calculate the greatest common factor of 45169 and 306.
17
What is the highest common divisor of 7100 and 1917?
71
What is the greatest common factor of 288 and 182964?
12
What is the greatest common factor of 259008 and 10650?
426
What is the highest common factor of 38280 and 81?
3
Calculate the greatest common divisor of 50304 and 59343.
393
What is the highest common factor of 1269 and 1287189?
423
Calculate the greatest common divisor of 819325 and 3250.
325
What is the greatest common factor of 14443 and 117?
13
What is the highest common factor of 177 and 1945171?
59
Calculate the greatest common factor of 1015 and 85115.
145
What is the greatest common factor of 428418 and 36?
18
What is the greatest common factor of 99108 and 108?
36
Calculate the highest common divisor of 628 and 869780.
628
Calculate the greatest common factor of 93222 and 522.
18
What is the greatest common factor of 786 and 115149?
393
Calculate the greatest common divisor of 67353 and 2145.
429
Calculate the highest common divisor of 4214 and 539.
49
Calculate the greatest common factor of 24 and 4974.
6
What is the highest common factor of 196 and 2756?
4
What is the greatest common divisor of 63 and 1629621?
63
Calculate the highest common divisor of 1952 and 1696.
32
Calculate the highest common factor of 485174 and 11744.
734
What is the greatest common divisor of 5923374 and 138?
138
Calculate the highest common factor of 145354 and 1089.
11
Calculate the highest common divisor of 5172 and 1228.
4
Calculate the highest common divisor of 114 and 20577.
57
What is the greatest common divisor of 761 and 469537?
761
What is the highest common divisor of 627304 and 38?
38
What is the highest common factor of 26208 and 2080?
416
What is the greatest common factor of 24 and 173064?
24
What is the greatest common factor of 1254 and 4271124?
1254
Calculate the greatest common factor of 20 and 8812.
4
What is the greatest common factor of 738 and 206?
2
Calculat